{"id":2067,"date":"2019-04-01T19:12:24","date_gmt":"2019-04-01T17:12:24","guid":{"rendered":"http:\/\/woertherseeschifffahrt.pixeldev.at\/?page_id=2067"},"modified":"2023-02-23T10:11:10","modified_gmt":"2023-02-23T09:11:10","slug":"prenota-la-colazione","status":"publish","type":"page","link":"https:\/\/backup.woertherseeschifffahrt.at\/it\/colazione-in-barca\/prenota-la-colazione\/","title":{"rendered":"Prenota la colazione"},"content":{"rendered":"\n<h3 class=\"has-text-align-center\">La colazione sar\u00e0 nuovamente disponibile in estate 2023. <\/h3>\n\n\n\n<p class=\"has-text-align-center\">Le prenotazioni per la colazione sono accettate entro le 16:00 del giorno prima. (Lo spazio \u00e8 soggetto a disponibilit\u00e0.) <br>Riceverai una conferma via e-mail per la prenotazione. La prenotazione \u00e8 confermata solo al ricevimento della conferma.<\/p>\n\n\n\n<div style=\"height:30px\" aria-hidden=\"true\" class=\"wp-block-spacer\"><\/div>\n\n\n\n<iframe id=\"CrossDomainiframeId\" class=\"ticket-iframe\" src=\"https:\/\/wsg-gutschein.palisis.com\/?offer-direct=r-3629&#038;locale=en\"><\/iframe>\n","protected":false},"excerpt":{"rendered":"<p>La colazione sar\u00e0 nuovamente disponibile in estate 2023. Le prenotazioni per la colazione sono accettate entro le 16:00 del giorno prima. (Lo spazio \u00e8 soggetto a disponibilit\u00e0.) Riceverai una conferma via e-mail per la prenotazione. La prenotazione \u00e8 confermata solo&#8230;<\/p>\n","protected":false},"author":12,"featured_media":0,"parent":1630,"menu_order":0,"comment_status":"closed","ping_status":"closed","template":"page-templates\/page-less-width.php","meta":[],"acf":[],"yoast_head":"<!-- This site is optimized with the Yoast SEO plugin v20.12 - https:\/\/yoast.com\/wordpress\/plugins\/seo\/ -->\n<title>Prenota la colazione - W\u00f6rthersee Schifffahrt<\/title>\n<meta name=\"robots\" content=\"index, follow, max-snippet:-1, max-image-preview:large, max-video-preview:-1\" \/>\n<link rel=\"canonical\" href=\"https:\/\/backup.woertherseeschifffahrt.at\/it\/colazione-in-barca\/prenota-la-colazione\/\" \/>\n<meta property=\"og:locale\" content=\"it_IT\" \/>\n<meta property=\"og:type\" content=\"article\" \/>\n<meta property=\"og:title\" content=\"Prenota la colazione - W\u00f6rthersee Schifffahrt\" \/>\n<meta property=\"og:description\" content=\"La colazione sar\u00e0 nuovamente disponibile in estate 2023. Le prenotazioni per la colazione sono accettate entro le 16:00 del giorno prima. (Lo spazio \u00e8 soggetto a disponibilit\u00e0.) Riceverai una conferma via e-mail per la prenotazione. La prenotazione \u00e8 confermata solo...\" \/>\n<meta property=\"og:url\" content=\"https:\/\/backup.woertherseeschifffahrt.at\/it\/colazione-in-barca\/prenota-la-colazione\/\" \/>\n<meta property=\"og:site_name\" content=\"W\u00f6rthersee Schifffahrt\" \/>\n<meta property=\"article:publisher\" content=\"https:\/\/www.facebook.com\/woerthersee.schiffahrt\" \/>\n<meta property=\"article:modified_time\" content=\"2023-02-23T09:11:10+00:00\" \/>\n<meta property=\"og:image\" content=\"https:\/\/backup.woertherseeschifffahrt.at\/wp-content\/uploads\/2019\/03\/MS-Klagenfurt-\u00a9Wolfgang-Handler-22-1024x683.jpg\" \/>\n\t<meta property=\"og:image:width\" content=\"1024\" \/>\n\t<meta property=\"og:image:height\" content=\"683\" \/>\n\t<meta property=\"og:image:type\" content=\"image\/jpeg\" \/>\n<meta name=\"twitter:card\" content=\"summary_large_image\" \/>\n<meta name=\"twitter:label1\" content=\"Tempo di lettura stimato\" \/>\n\t<meta name=\"twitter:data1\" content=\"1 minuto\" \/>\n<script type=\"application\/ld+json\" class=\"yoast-schema-graph\">{\"@context\":\"https:\/\/schema.org\",\"@graph\":[{\"@type\":\"WebPage\",\"@id\":\"https:\/\/backup.woertherseeschifffahrt.at\/it\/colazione-in-barca\/prenota-la-colazione\/\",\"url\":\"https:\/\/backup.woertherseeschifffahrt.at\/it\/colazione-in-barca\/prenota-la-colazione\/\",\"name\":\"Prenota la colazione - W\u00f6rthersee Schifffahrt\",\"isPartOf\":{\"@id\":\"https:\/\/backup.woertherseeschifffahrt.at\/#website\"},\"datePublished\":\"2019-04-01T17:12:24+00:00\",\"dateModified\":\"2023-02-23T09:11:10+00:00\",\"breadcrumb\":{\"@id\":\"https:\/\/backup.woertherseeschifffahrt.at\/it\/colazione-in-barca\/prenota-la-colazione\/#breadcrumb\"},\"inLanguage\":\"it-IT\",\"potentialAction\":[{\"@type\":\"ReadAction\",\"target\":[\"https:\/\/backup.woertherseeschifffahrt.at\/it\/colazione-in-barca\/prenota-la-colazione\/\"]}]},{\"@type\":\"BreadcrumbList\",\"@id\":\"https:\/\/backup.woertherseeschifffahrt.at\/it\/colazione-in-barca\/prenota-la-colazione\/#breadcrumb\",\"itemListElement\":[{\"@type\":\"ListItem\",\"position\":1,\"name\":\"Startseite\",\"item\":\"https:\/\/backup.woertherseeschifffahrt.at\/it\/\"},{\"@type\":\"ListItem\",\"position\":2,\"name\":\"Colazione in barca\",\"item\":\"https:\/\/backup.woertherseeschifffahrt.at\/it\/colazione-in-barca\/\"},{\"@type\":\"ListItem\",\"position\":3,\"name\":\"Prenota la colazione\"}]},{\"@type\":\"WebSite\",\"@id\":\"https:\/\/backup.woertherseeschifffahrt.at\/#website\",\"url\":\"https:\/\/backup.woertherseeschifffahrt.at\/\",\"name\":\"W\u00f6rthersee Schifffahrt\",\"description\":\"Eine weitere WordPress-Website\",\"potentialAction\":[{\"@type\":\"SearchAction\",\"target\":{\"@type\":\"EntryPoint\",\"urlTemplate\":\"https:\/\/backup.woertherseeschifffahrt.at\/?s={search_term_string}\"},\"query-input\":\"required name=search_term_string\"}],\"inLanguage\":\"it-IT\"}]}<\/script>\n<!-- \/ Yoast SEO plugin. -->","yoast_head_json":{"title":"Prenota la colazione - W\u00f6rthersee Schifffahrt","robots":{"index":"index","follow":"follow","max-snippet":"max-snippet:-1","max-image-preview":"max-image-preview:large","max-video-preview":"max-video-preview:-1"},"canonical":"https:\/\/backup.woertherseeschifffahrt.at\/it\/colazione-in-barca\/prenota-la-colazione\/","og_locale":"it_IT","og_type":"article","og_title":"Prenota la colazione - W\u00f6rthersee Schifffahrt","og_description":"La colazione sar\u00e0 nuovamente disponibile in estate 2023. Le prenotazioni per la colazione sono accettate entro le 16:00 del giorno prima. (Lo spazio \u00e8 soggetto a disponibilit\u00e0.) Riceverai una conferma via e-mail per la prenotazione. La prenotazione \u00e8 confermata solo...","og_url":"https:\/\/backup.woertherseeschifffahrt.at\/it\/colazione-in-barca\/prenota-la-colazione\/","og_site_name":"W\u00f6rthersee Schifffahrt","article_publisher":"https:\/\/www.facebook.com\/woerthersee.schiffahrt","article_modified_time":"2023-02-23T09:11:10+00:00","og_image":[{"width":1024,"height":683,"url":"https:\/\/backup.woertherseeschifffahrt.at\/wp-content\/uploads\/2019\/03\/MS-Klagenfurt-\u00a9Wolfgang-Handler-22-1024x683.jpg","type":"image\/jpeg"}],"twitter_card":"summary_large_image","twitter_misc":{"Tempo di lettura stimato":"1 minuto"},"schema":{"@context":"https:\/\/schema.org","@graph":[{"@type":"WebPage","@id":"https:\/\/backup.woertherseeschifffahrt.at\/it\/colazione-in-barca\/prenota-la-colazione\/","url":"https:\/\/backup.woertherseeschifffahrt.at\/it\/colazione-in-barca\/prenota-la-colazione\/","name":"Prenota la colazione - W\u00f6rthersee Schifffahrt","isPartOf":{"@id":"https:\/\/backup.woertherseeschifffahrt.at\/#website"},"datePublished":"2019-04-01T17:12:24+00:00","dateModified":"2023-02-23T09:11:10+00:00","breadcrumb":{"@id":"https:\/\/backup.woertherseeschifffahrt.at\/it\/colazione-in-barca\/prenota-la-colazione\/#breadcrumb"},"inLanguage":"it-IT","potentialAction":[{"@type":"ReadAction","target":["https:\/\/backup.woertherseeschifffahrt.at\/it\/colazione-in-barca\/prenota-la-colazione\/"]}]},{"@type":"BreadcrumbList","@id":"https:\/\/backup.woertherseeschifffahrt.at\/it\/colazione-in-barca\/prenota-la-colazione\/#breadcrumb","itemListElement":[{"@type":"ListItem","position":1,"name":"Startseite","item":"https:\/\/backup.woertherseeschifffahrt.at\/it\/"},{"@type":"ListItem","position":2,"name":"Colazione in barca","item":"https:\/\/backup.woertherseeschifffahrt.at\/it\/colazione-in-barca\/"},{"@type":"ListItem","position":3,"name":"Prenota la colazione"}]},{"@type":"WebSite","@id":"https:\/\/backup.woertherseeschifffahrt.at\/#website","url":"https:\/\/backup.woertherseeschifffahrt.at\/","name":"W\u00f6rthersee Schifffahrt","description":"Eine weitere WordPress-Website","potentialAction":[{"@type":"SearchAction","target":{"@type":"EntryPoint","urlTemplate":"https:\/\/backup.woertherseeschifffahrt.at\/?s={search_term_string}"},"query-input":"required name=search_term_string"}],"inLanguage":"it-IT"}]}},"_links":{"self":[{"href":"https:\/\/backup.woertherseeschifffahrt.at\/it\/wp-json\/wp\/v2\/pages\/2067"}],"collection":[{"href":"https:\/\/backup.woertherseeschifffahrt.at\/it\/wp-json\/wp\/v2\/pages"}],"about":[{"href":"https:\/\/backup.woertherseeschifffahrt.at\/it\/wp-json\/wp\/v2\/types\/page"}],"author":[{"embeddable":true,"href":"https:\/\/backup.woertherseeschifffahrt.at\/it\/wp-json\/wp\/v2\/users\/12"}],"replies":[{"embeddable":true,"href":"https:\/\/backup.woertherseeschifffahrt.at\/it\/wp-json\/wp\/v2\/comments?post=2067"}],"version-history":[{"count":8,"href":"https:\/\/backup.woertherseeschifffahrt.at\/it\/wp-json\/wp\/v2\/pages\/2067\/revisions"}],"predecessor-version":[{"id":14308,"href":"https:\/\/backup.woertherseeschifffahrt.at\/it\/wp-json\/wp\/v2\/pages\/2067\/revisions\/14308"}],"up":[{"embeddable":true,"href":"https:\/\/backup.woertherseeschifffahrt.at\/it\/wp-json\/wp\/v2\/pages\/1630"}],"wp:attachment":[{"href":"https:\/\/backup.woertherseeschifffahrt.at\/it\/wp-json\/wp\/v2\/media?parent=2067"}],"curies":[{"name":"wp","href":"https:\/\/api.w.org\/{rel}","templated":true}]}}

<h3 class="has-text-align-center">La colazione sarà nuovamente disponibile in estate 2023. </h3>



<p class="has-text-align-center">Le prenotazioni per la colazione sono accettate entro le 16:00 del giorno prima. (Lo spazio è soggetto a disponibilità.) <br>Riceverai una conferma via e-mail per la prenotazione. La prenotazione è confermata solo al ricevimento della conferma.</p>



<div style="height:30px" aria-hidden="true" class="wp-block-spacer"></div>



<iframe id="CrossDomainiframeId" class="ticket-iframe" src="https://wsg-gutschein.palisis.com/?offer-direct=r-3629&#038;locale=en"></iframe>

<p>La colazione sarà nuovamente disponibile in estate 2023. Le prenotazioni per la colazione sono accettate entro le 16:00 del giorno prima. (Lo spazio è soggetto a disponibilità.) Riceverai una conferma via e-mail per la prenotazione. La prenotazione è confermata solo&#8230;</p>

<!-- This site is optimized with the Yoast SEO plugin v20.12 - https://yoast.com/wordpress/plugins/seo/ -->
<title>Prenota la colazione - Wörthersee Schifffahrt</title>
<meta name="robots" content="index, follow, max-snippet:-1, max-image-preview:large, max-video-preview:-1" />
<link rel="canonical" href="https://backup.woertherseeschifffahrt.at/it/colazione-in-barca/prenota-la-colazione/" />
<meta property="og:locale" content="it_IT" />
<meta property="og:type" content="article" />
<meta property="og:title" content="Prenota la colazione - Wörthersee Schifffahrt" />
<meta property="og:description" content="La colazione sarà nuovamente disponibile in estate 2023. Le prenotazioni per la colazione sono accettate entro le 16:00 del giorno prima. (Lo spazio è soggetto a disponibilità.) Riceverai una conferma via e-mail per la prenotazione. La prenotazione è confermata solo..." />
<meta property="og:url" content="https://backup.woertherseeschifffahrt.at/it/colazione-in-barca/prenota-la-colazione/" />
<meta property="og:site_name" content="Wörthersee Schifffahrt" />
<meta property="article:publisher" content="https://www.facebook.com/woerthersee.schiffahrt" />
<meta property="article:modified_time" content="2023-02-23T09:11:10+00:00" />
<meta property="og:image" content="https://backup.woertherseeschifffahrt.at/wp-content/uploads/2019/03/MS-Klagenfurt-©Wolfgang-Handler-22-1024x683.jpg" />
	<meta property="og:image:width" content="1024" />
	<meta property="og:image:height" content="683" />
	<meta property="og:image:type" content="image/jpeg" />
<meta name="twitter:card" content="summary_large_image" />
<meta name="twitter:label1" content="Tempo di lettura stimato" />
	<meta name="twitter:data1" content="1 minuto" />
<script type="application/ld+json" class="yoast-schema-graph">{"@context":"https://schema.org","@graph":[{"@type":"WebPage","@id":"https://backup.woertherseeschifffahrt.at/it/colazione-in-barca/prenota-la-colazione/","url":"https://backup.woertherseeschifffahrt.at/it/colazione-in-barca/prenota-la-colazione/","name":"Prenota la colazione - Wörthersee Schifffahrt","isPartOf":{"@id":"https://backup.woertherseeschifffahrt.at/#website"},"datePublished":"2019-04-01T17:12:24+00:00","dateModified":"2023-02-23T09:11:10+00:00","breadcrumb":{"@id":"https://backup.woertherseeschifffahrt.at/it/colazione-in-barca/prenota-la-colazione/#breadcrumb"},"inLanguage":"it-IT","potentialAction":[{"@type":"ReadAction","target":["https://backup.woertherseeschifffahrt.at/it/colazione-in-barca/prenota-la-colazione/"]}]},{"@type":"BreadcrumbList","@id":"https://backup.woertherseeschifffahrt.at/it/colazione-in-barca/prenota-la-colazione/#breadcrumb","itemListElement":[{"@type":"ListItem","position":1,"name":"Startseite","item":"https://backup.woertherseeschifffahrt.at/it/"},{"@type":"ListItem","position":2,"name":"Colazione in barca","item":"https://backup.woertherseeschifffahrt.at/it/colazione-in-barca/"},{"@type":"ListItem","position":3,"name":"Prenota la colazione"}]},{"@type":"WebSite","@id":"https://backup.woertherseeschifffahrt.at/#website","url":"https://backup.woertherseeschifffahrt.at/","name":"Wörthersee Schifffahrt","description":"Eine weitere WordPress-Website","potentialAction":[{"@type":"SearchAction","target":{"@type":"EntryPoint","urlTemplate":"https://backup.woertherseeschifffahrt.at/?s={search_term_string}"},"query-input":"required name=search_term_string"}],"inLanguage":"it-IT"}]}</script>
<!-- / Yoast SEO plugin. -->

Prenota la colazione - Wörthersee Schifffahrt

La colazione sarà nuovamente disponibile in estate 2023. Le prenotazioni per la colazione sono accettate entro le 16:00 del giorno prima. (Lo spazio è soggetto a disponibilità.) Riceverai una conferma via e-mail per la prenotazione. La prenotazione è confermata solo...

Wörthersee Schifffahrt
